s of 49237320.
2, 3, 5, 11, 3391
List the prime factors of 54801000.
2, 3, 5, 6089
What are the prime factors of 139497569?
29, 4810261
List the prime factors of 1727030442.
2, 3, 17, 16931671
What are the prime factors of 4363491574?
2, 13, 331, 507029
List the prime factors of 475710598.
2, 11, 257, 84137
List the prime factors of 4871324053.
193, 1447, 17443
List the prime factors of 3718653966.
2, 3, 67, 659, 4679
List the prime factors of 49908674.
2, 211, 227, 521
What are the prime factors of 20551102?
2, 11, 13, 181, 397
What are the prime factors of 90001220?
2, 5, 4500061
List the prime factors of 178120265.
5, 31, 1149163
List the prime factors of 657457413.
3, 6337, 34583
List the prime factors of 14989697.
79, 189743
What are the prime factors of 192774884?
2, 37, 61, 131, 163
What are the prime factors of 585814341?
3, 7, 449, 62129
List the prime factors of 676071400.
2, 5, 37, 103, 887
What are the prime factors of 24942971?
23, 1084477
What are the prime factors of 54217994?
2, 29, 934793
What are the prime factors of 3022693198?
2, 7, 137, 1575961
What are the prime factors of 1019720643?
3, 339906881
List the prime factors of 213634337.
7, 37, 824843
What are the prime factors of 304983413?
7, 43569059
What are the prime factors of 108037934?
2, 29, 617, 3019
List the prime factors of 493078601.
89, 317, 17477
List the prime factors of 1471677530.
2, 5, 9883, 14891
What are the prime factors of 2307615144?
2, 3, 29, 199, 16661
List the prime factors of 233287402.
2, 5237, 22273
List the prime factors of 91587855.
3, 5, 1789, 3413
What are the prime factors of 105956466?
2, 3, 7, 11, 229343
List the prime factors of 91895880.
2, 3, 5, 17, 107, 421
What are the prime factors of 16677604?
2, 4169401
What are the prime factors of 168830098?
2, 379, 222731
What are the prime factors of 32726779?
2551, 12829
What are the prime factors of 142350503?
17, 509, 16451
What are the prime factors of 335297785?
5, 61, 1099337
What are the prime factors of 145059637?
277, 523681
List the prime factors of 58087064.
2, 7, 811, 1279
List the prime factors of 39688388.
2, 67, 148091
List the prime factors of 224493008.
2, 14030813
What are the prime factors of 430477962?
2, 3, 3137, 22871
List the prime factors of 75653499.
3, 25217833
What are the prime factors of 235356838?
2, 19, 23, 14173
What are the prime factors of 102732493?
102732493
List the prime factors of 1182944318.
2, 591472159
List the prime factors of 100590891.
3, 23, 61, 23899
What are the prime factors of 5193767720?
2, 5, 1889, 68737
List the prime factors of 810860621.
53, 2969, 5153
What are the prime factors of 574827951?
3, 12227, 15671
What are the prime factors of 213452934?
2, 3, 29, 1226741
What are the prime factors of 8683397970?
2, 3, 5, 13, 79, 281837
What are the prime factors of 35423301?
3, 11807767
List the prime factors of 6523351392.
2, 3, 67951577
What are the prime factors of 5610663?
3, 17, 36671
What are the prime factors of 113340644?
2, 277, 102293
What are the prime factors of 353067146?
2, 61, 2893993
List the prime factors of 7954003.
7954003
List the prime factors of 35613892.
2, 8903473
List the prime factors of 1114611224.
2, 4079, 34157
List the prime factors of 76586449.
331, 231379
List the prime factors of 221817900.
2, 3, 5, 739393
What are the prime factors of 23906517?
3, 1879, 4241
What are the prime factors of 1591953192?
2, 3, 163, 135647
What are the prime factors of 116710482?
2, 3, 7, 251, 11071
List the prime factors of 52543819.
797, 65927
What are the prime factors of 1571912325?
3, 5, 41, 6311
What are the prime factors of 31644506?
2, 433, 36541
List the prime factors of 736197628.
2, 184049407
List the prime factors of 5678534321.
53, 107142157
List the prime factors of 84685567.
2333, 36299
List the prime factors of 228128005.
5, 7, 103, 63281
List the prime factors of 27823069.
157, 177217
What are the prime factors of 559154873?
2341, 238853
List the prime factors of 1699223136.
2, 3, 13, 103, 13219
List the prime factors of 1393416984.
2, 3, 19, 3055739
List the prime factors of 204091053.
3, 373, 182387
List the prime factors of 66010273.
7, 163, 57853
List the prime factors of 22561841.
103, 317, 691
What are the prime factors of 2860672527?
3, 317852503
What are the prime factors of 745449235?
5, 17, 71, 149, 829
What are the prime factors of 654004807?
17, 38470871
What are the prime factors of 31022377?
23, 59, 22861
What are the prime factors of 172199824?
2, 821, 13109
What are the prime factors of 2255503357?
19, 41, 1427, 2029
List the prime factors of 823262162.
2, 17, 233, 6113
List the prime factors of 55571580.
2, 3, 5, 19, 16249
List the prime factors of 54223020.
2, 3, 5, 3719
List the prime factors of 117329583.
3, 7, 59, 281, 337
List the prime factors of 1717610637.
3, 29, 1489, 13259
What are the prime factors of 1661457068?
2, 415364267
List the prime factors of 57556086.
2, 3, 7, 27967
List the prime factors of 80062923.
3, 67, 398323
List the prime factors of 114233439.
3, 38077813
What are the prime factors of 1936165158?
2, 3, 107564731
List the prime factors of 923941700.
2, 5, 11, 137, 6131
What are the prime factors of 56793456?
2, 3, 181, 2179
List the prime factors of 2114307042.
2, 3, 19, 18546553
What are the prime factors of 6075918144?
2, 3, 911, 11579
What are the prime factors of 39072290?
2, 5, 17, 229837
List the prime factors of 3131227599.
3, 1549, 673817
What are the prime factors of 99637263?
3, 11, 37, 9067
List the prime factors of 4081652993.
11, 719, 516077
List the prime factors of 1041046020.
2, 3, 5, 7, 71, 431
What are the prime factors of 65388471?
3, 23, 947659
What are the prime factors of 48393522?
2, 3, 2688529
List the prime factors of 379650762.
2, 3, 311, 67819
What are the prime factors of 368543528?
2, 46067941
What are the prime factors of 32301934?
2, 7, 2307281
What are the prime factors of 3045439366?
2, 1522719683
List the prime factors of 6405153176.
2, 37, 1511, 14321
What are the prime factors of 126502617?
3, 71, 173, 3433
List the prime factors of 22742746.
2, 13, 874721
What are the prime factors of 42698746?
2, 21349373
What are the prime factors of 464002617?
3, 13, 41, 290183
List the prime factors of 4457908.
2, 7, 13, 37, 331
List the prime factors of 698776172.
2, 79, 137, 16141
What are the prime factors of 1821659168?
2, 7, 151, 53857
What are the prime factors of 3410150219?
7, 257, 1895581
What are the prime factors of 1346375?
5, 10771
List the prime factors of 1440073987.
11, 83, 1577299
List the prime factors of 315708895.
5, 379, 166601
What are the prime factors of 933366672?
2, 3, 7, 79, 3907
List the prime factors of 65979425.
5, 2639177
What are the prime factors of 7166427685?
5, 1433285537
List the prime factors of 871977412.
2, 19, 53, 71, 3049
List the prime factors of 5175200329.
13, 113, 751, 4691
What are the prime factors of 549694944?
2, 3, 191, 3331
List the prime factors of 157379088.
2, 3, 317, 10343
What are the prime factors of 78973347?
3, 17, 1548497
What are the prime factors of 152435887?
223, 293, 2333
What are the prime factors of 2473376138?
2, 17, 72746357
List the prime factors of 622118732.
2, 277, 2027
List the prime factors of 11032741.
11032741
What are the prime factors of 39214278?
2, 3, 2178571
List the prime factors of 9474873.
3, 23, 353, 389
List the prime factors of 586815039.
3, 257, 253703
List the prime factors of 83426989.
83426989
List the prime factors of 3903653.
13, 467, 643
What are the prime factors of 13488117?
3, 4496039
What are the prime factors of 80675848?
2, 11, 916771
What are the prime factors of 32957043?
3, 7, 53, 29611
What are the prime factors of 121393658?
2, 4423, 13723
List the prime factors of 652532430.
2, 3, 5, 11, 67, 2683
What are the prime factors of 22357608?
2, 3, 7, 13, 29, 353
What are the prime factors of 778735065?
3, 5, 17, 10567
What are the prime factors of 256774519?
31, 8283049
What are the prime factors of 421922?
2, 210961
List the prime factors of 94025465.
5, 457, 41149
List the prime factors of 46564472.
2, 61, 95419
What are the prime factors of 181862460?
2, 3, 5, 13, 77719
List the prime factors of 97448481.
3, 13, 313, 887
What are the prime fa